 of g.
17
Let j(g) = -2*g + 40. What are the prime factors of j(-15)?
2, 5, 7
Suppose 0 = -12*c + 4547 - 587. List the prime factors of c.
2, 3, 5, 11
Let b be -24*(-2 - 8/(-6)). Let f = b - 8. List the prime factors of f.
2
Let y(l) = l**3 - 4*l**2 + 2*l. Let f be (-13)/(-4) - (-12)/16. Let d be y(f). Suppose 2*x - d = -0*x. List the prime factors of x.
2
Suppose -x = -4*q + 76, 5*q - 2*x = 36 + 59. List the prime factors of q.
19
Suppose 0 = -5*p + 2 + 13. Suppose -3*k - 2*k + 4*f + 157 = 0, p*k - 91 = 4*f. What are the prime factors of k?
3, 11
Let b be (-4)/(-20) - (-32)/(-10). Let z be 3/(b/(-2)) + 2. Suppose -z*v = 19 - 59. What are the prime factors of v?
2, 5
Suppose 124 = 6*v - 4*v. List the prime factors of v.
2, 31
Let o(p) = 2*p + 3. Let z be o(8). Let f be (1 - 0)/((-1)/(-13)). Let b = z - f. What are the prime factors of b?
2, 3
Let s(t) = -t + 11. Let k = 2 - -4. Let j be s(k). Suppose -3*d - 2*f + j = -20, 4*d + 4*f = 40. What are the prime factors of d?
5
Let i(x) = 22*x. Suppose -4 = 2*w + 5*f + 4, 11 = 5*w - 3*f. List the prime factors of i(w).
2, 11
Suppose -10 = 5*p + 3*s - 38, 0 = -4*s + 4. Suppose 0 = 2*g + p*j + 10, -14 = 5*j + 6. What are the prime factors of g?
5
Suppose 2*g + 240 = 3*y, -3*g - 243 = -2*y - y. List the prime factors of y.
2, 3, 13
Let i(l) = -9*l - 3. Let x(a) = -5*a - 1. Let s(u) = 4*i(u) - 7*x(u). Let h be s(-4). Let v = h - -9. What are the prime factors of v?
2
List the prime factors of (-5)/(26/(-6) + 4).
3, 5
Let u(q) = q**3 - 10*q**2 - 9*q - 13. List the prime factors of u(11).
3
Let w(c) = -c**2 + 2*c - 1. Let b be w(2). Let a be -1*(-5)/(5/8). List the prime factors of 22/a - b/4.
3
Let k(j) = j**3 - 7*j**2 + 4*j + 4. List the prime factors of k(9).
2, 101
Let h(c) = 5*c + 25 - 6*c - 4. List the prime factors of h(0).
3, 7
Let x = -417 + 628. What are the prime factors of x?
211
Let w be 7/4 - 3/(-12). Suppose -4*a + w*f = a - 74, 5*f = -2*a + 18. What are the prime factors of a?
2, 7
Let f(g) = 0*g**2 + 9 - 2*g - 4 - g**2. What are the prime factors of f(0)?
5
Let q(f) = f**3 - 8*f**2 + 13*f - 15. What are the prime factors of q(9)?
3, 61
Let m(s) = s**2 - 8*s + 5. What are the prime factors of m(10)?
5
Let i be ((-6)/9)/((-3)/9). Suppose 0*d = i*d - 28. List the prime factors of d.
2, 7
Suppose -169 = -2*a + 87. List the prime factors of a.
2
What are the prime factors of (-861)/(-35) - 4/(-10)?
5
Suppose 5*z + 18 = 3*r + z, -4*z = 5*r - 30. Let n be (3/r)/((-2)/(-8)). Suppose 0 = 4*l - 5*k - 15, n*k - k = -2*l + 25. List the prime factors of l.
2, 5
Let c = 22 - 18. What are the prime factors of c?
2
Suppose -2*j = -6*j + 136. Let l = j - 18. List the prime factors of (2 - 0)*l/8.
2
Let q = 27 - 15. Let g = q - -2. What are the prime factors of g?
2, 7
Let q = 103 - 67. What are the prime factors of q?
2, 3
Suppose -5*t + 870 = t. Suppose 40 = -3*i + t. List the prime factors of i.
5, 7
Suppose -5*q = -3*s + 386, 530 = 4*s + 2*q - q. List the prime factors of s.
2, 3, 11
Suppose 4*a + 7 = 4*c - 9, c + 5*a = -8. Suppose -5*h + 25 = 5*t, -c*h + 12 - 2 = -5*t. What are the prime factors of h?
5
Let s be (-8)/(-3) - (-3)/9. List the prime factors of 13/3 - 1/s.
2
What are the prime factors of 38/(-57) + 160/6?
2, 13
Let i(t) = 11*t. What are the prime factors of i(3)?
3, 11
Let r be -120*(0 - 1/2). Let v be r/(-5)*(-2)/3. Let m(h) = 3*h - 11. List the prime factors of m(v).
13
Let k(u) = u - 6. Let a be k(6). Let w(x) = a*x + 0*x - x + 8. List the prime factors of w(5).
3
Let v = 65 - 7. What are the prime factors of v?
2, 29
List the prime factors of 260/30 - 2/3.
2
Let d = 0 - -6. Suppose -t + d = -0*t. List the prime factors of t.
2, 3
What are the prime factors of 1/2*-13*(-1 + -1)?
13
Let k(x) = x**3 + 7*x**2 - x + 8. Suppose -2*s - 2*a = a + 26, s - 3*a = 5. List the prime factors of k(s).
3, 5
Let d(m) = -m**2 + m + 3. Let p be d(3). Let l be (2 - (-1 - p))/(-2). Suppose l*a + 2*a = 8. List the prime factors of a.
2
Suppose -q + 4*a - 56 = -3*q, 3*q = 2*a + 68. What are the prime factors of q?
2, 3
Let z(o) = 10*o**3 - 2*o**2 - o. Let b be z(-2). Let d = -59 - b. List the prime factors of d.
3
What are the prime factors of (3732/5)/4 + 4/10?
11, 17
Let o = 108 - -2. What are the prime factors of o?
2, 5, 11
Suppose 0 = -5*m - 121 + 326. List the prime factors of m.
41
Let r = -63 - -23. Let f = -17 - r. What are the prime factors of f?
23
Suppose 3*j = -0*j. Suppose f + f + h - 50 = j, 0 = f - 3*h - 32. What are the prime factors of f?
2, 13
List the prime factors of (2/(-1) - -29)*1.
3
Let j = -4 - -6. Suppose -18 = -0*f - j*f. What are the prime factors of f?
3
What are the prime factors of 0/(-5) + (0 - -190)?
2, 5, 19
Let l = -7 + 41. What are the prime factors of l?
2, 17
Suppose 4*r - 10 = 62. What are the prime factors of (3 + 0)*r/3?
2, 3
Let z = -19 - -4. Let l(o) = -o**3 - 15*o**2 - o + 17. What are the prime factors of l(z)?
2
Let s(p) = p**2 + 5*p. Let i be s(-5). Suppose -3*m + 2*m + 2 = b, i = 2*b. Suppose -m*a = -2*g - 18, a + 5*g + 11 = -10. List the prime factors of a.
2
Suppose 0 = -3*x + 12, 3*m + 2*x - 72 = 56. List the prime factors of m.
2, 5
Let h = -9 + 12. What are the prime factors of 20 + (h + -2)*-3?
17
Let y(x) = -x**2 - 43*x - 27. List the prime factors of y(-24).
3, 11, 13
Let x(b) = 3*b + 6. Let a be x(-4). What are the prime factors of a/(-4) - (-12)/8?
3
Let u(d) = -d**2 - 8*d + 1. Let w be u(-8). Let y be ((-2 + 2)/2)/w. Let m = 17 + y. List the prime factors of m.
17
Let z(g) = -7*g - 1. Let y be z(-1). Suppose p = y*p - 5. What are the prime factors of p/((-4)/14)*-2?
7
Let a = 1 + 3. Suppose 0 = a*g - v - 7, 8 = 2*g + 4*v. Suppose x = 5 + g. List the prime factors of x.
7
Let p = 2 + 0. Let i(m) = -m**2 - 7*m - 3. Let t be i(-4). Let w = t - p. What are the prime factors of w?
7
Let x be -2 - (-2)/2 - -2. Let s(y) = x + 6*y - 2*y - 2*y. What are the prime factors of s(5)?
11
Let r(w) = -w**3 + 18*w**2 - w + 20. List the prime factors of r(18).
2
List the prime factors of 12/16 + 14/(-8) + 54.
53
Suppose -5*f + f + 5*r - 56 = 0, -4*f - 24 = 3*r. Let z = f + 35. Suppose -5*j + 14 = -z. List the prime factors of j.
2
Suppose 11*c - 7*c - 52 = 0. What are the prime factors of c?
13
Let c(t) = -4*t**2 - 2*t - 3. Let w be c(-4). Let s = w + 82. List the prime factors of s.
23
Let w(u) = -u**2 + 8*u - 4. Let r be w(7). Suppose 0 = r*p - x - 66, -p = -5*p - x + 95. What are the prime factors of p?
23
Let y(a) = -a**3 - 3*a**2 - 3*a - 1. Let o be y(-2). Suppose -2 = -w + o. Suppose -38 = -w*j + 28. List the prime factors of j.
2, 11
Let h = 166 + -103. Suppose 2*x + h = 5*r, 5*x - 3 = -2*r - 1. List the prime factors of r.
11
Suppose 0 = x - 0*x - 4. Suppose -x*c + 16 = 0, c = -q + 4 + 2. What are the prime factors of q?
2
Suppose -4*k + 31 = -109. List the prime factors of k.
5, 7
Let r = 104 - 64. What are the prime factors of r?
2, 5
Suppose 2*t - 608 = -3*c, -c = -3*c - 3*t + 407. What are the prime factors of c?
2, 101
Suppose 5*a = 2*k - 51 - 80, 4*a = -k + 33. List the prime factors of k.
53
Let i(x) = -x + 0*x + 4 + 3*x. List the prime factors of i(4).
2, 3
Let a be 6/10 - 124/(-10). Let w = -8 + a. Suppose -n + 0*t = -4*t - 18, -w*n = 2*t - 46. What are the prime factors of n?
2, 5
Let m = -10 - -100. What are the prime factors of m?
2, 3, 5
Let c be 4/(-6) - (-28)/6. Suppose -c*p - p + 45 = 0. Suppose -n + 10 = 4*j, n + j - p = -2*j. List the prime factors of n.
2, 3
Suppose -10*l + 705 - 135 = 0. What are the prime factors of l?
3, 19
Suppose 2*c + c + 3*g = 18, -3*g = -4*c + 17. Let f = 9 - c. Suppose -t - 4*i = -10, -t - f*i = -2*t + 2. What are the prime factors of t?
2, 3
What are the prime factors of (-3)/(5/10*18/(-159))?
53
Suppose 6*s - 5*s = 3. Suppose i = -1 - s. What are the prime factors of (-153)/6*i/6?
17
Suppose i + 9*f - 6*f = -9, -3*f - 33 = -3*i. Let b = 6 - i. Suppose p + p - 12 = b. What are the prime factors of p?
2, 3
Suppose -5*q = -3*w + 272, 20 - 100 = -w - q. What are the prime factors of w?
2, 3, 7
Let y(i) = i**2 - 3*i - 6. Let c be y(-4). Suppose -2*x = c + 12. Let b = x + 39. List the prime factors of b.
2, 11
Let x = -340 + 503. List the prime factors of x.
163
Let s = -4 + -1. Let b be s/((-35)/(-6))*49. Let r 